 + 53. What is the units digit of b?
0
Let p be (-7)/((0 - 1)*1). Let u = 7 - p. Let h(a) = -a + 7. What is the units digit of h(u)?
7
Let j = 19 - 13. What is the units digit of (-97)/(-3) - j/18?
2
Let m be (-5*2)/(-2) - 1. Suppose m*g - 3*g - 21 = 0. What is the tens digit of g?
2
Let g = -7 + 5. What is the tens digit of -45*g/((-30)/(-9))?
2
Let r(x) = 5*x - 1. Let f be r(5). Suppose -f = 2*b - 5*b. What is the units digit of b?
8
Suppose 0 = -5*q - 44 + 109. Let w = q + -4. What is the units digit of w?
9
Let z be 16/9 + 10/45. Let v(w) = -w + 3*w - 3 - z. What is the units digit of v(4)?
3
What is the units digit of 384 - -6 - (4 - -2)?
4
Suppose -1001 = -19*l + 1545. What is the hundreds digit of l?
1
Let o = 44 + 37. What is the tens digit of o?
8
Suppose -3*g - 616 = -5*u, -7 = -4*g + 5. What is the hundreds digit of u?
1
Let z(y) = -y**2 + 6*y - 2. Let c be z(5). Suppose 2*w - c*w = -11. What is the tens digit of w?
1
Let k(p) = -p**3 + 3*p**2 + 4*p + 3. Let h be k(4). Let j be (-3)/h + 2/2. Suppose -4*c + 16 = -j*c. What is the units digit of c?
4
Suppose -42 = 4*y - 554. What is the tens digit of y?
2
Let u = -5 - -10. Suppose -z + u = -0*z, -2*z = 2*p - 10. Suppose -2*m + 7*m + 2*j - 21 = p, -3*j = -3*m. What is the units digit of m?
3
Suppose -4*c + 19 = 3. Let o = 6 + c. What is the tens digit of o?
1
Let g be ((-12)/(-3) + -2)*2. Suppose l - 130 = -g*c, -4*c = c + l - 163. Suppose 2*y - c = 6*d - 3*d, 3*y - 42 = 3*d. What is the units digit of y?
9
Let x = -3 - -8. Suppose -x - 16 = -3*o. What is the units digit of o?
7
Let a be (12/10)/((-1)/(-30)). Suppose -4*u = 0, 0 = -4*y - 3*u + 7 + 5. Suppose y*d = -d + a. What is the units digit of d?
9
Suppose -4*d + 3*x - 8 = 0, -10 = -d + 3*x - 3. Let n(r) = -r - 3. What is the units digit of n(d)?
2
Let r(y) = -y**2 - y + 15. Let a be r(0). Let p = 33 - a. What is the units digit of p?
8
Suppose 4*y + y + 2*u = 175, 35 = y + u. What is the units digit of y?
5
Suppose -3*b + 44 = -b. Let y = b + -9. What is the tens digit of y?
1
Let g = 6 + -4. Let o be 3/g*(-16)/(-3). Suppose 5*f = o + 27. What is the units digit of f?
7
Let r(b) = 13*b**2 + 6*b - 10. What is the tens digit of r(2)?
5
Let q(i) be the second derivative of -i**4/12 + i**3/6 + 2*i**2 + 3*i. What is the units digit of q(0)?
4
Suppose 19 = 3*o + 2*c, -3*c + 15 = -0*c. Suppose -15 = o*a + d + 10, -20 = 5*d. Let j(g) = -g**2 - 8*g - 3. What is the units digit of j(a)?
4
Let z be (-2)/((-2)/(-18)*1). Let f = 3 - z. What is the tens digit of f?
2
Let j(m) = -13*m + 6. Let x be j(-6). What is the units digit of x/20 - (-1)/(-5)?
4
Let f be 2/(-9) - (-148)/18. What is the units digit of (-4)/(2/f*-2)?
8
Suppose -3*n = -4*z - 7 - 0, 0 = -3*z - 3*n + 21. What is the tens digit of ((-15)/(-3))/(z/4)?
1
Suppose 4*t - 16 = -4*o, -4*o + 2*t = t - 6. Suppose 6 = -0*q + o*q. What is the units digit of (-3)/(q/(-21)*3)?
7
What is the units digit of ((-20)/4 + -2)*-10?
0
What is the tens digit of ((-6)/(-4))/((-4)/(-32))?
1
Let a(t) = -t**3 - 7*t**2 + t + 9. Let v be a(-7). Let f(n) be the second derivative of -n**5/20 + n**4/3 - n**3/6 - n**2 + n. What is the units digit of f(v)?
4
Let m(g) = 3*g - 12. Let a(i) = 2*i - 6. Let c(o) = 5*a(o) - 3*m(o). Let d be c(-5). Let b(f) = 5*f**2 + 2*f - 1. What is the units digit of b(d)?
6
Let a = 22 + -13. Let z = a - 0. What is the units digit of z?
9
Let h = 65 + -41. What is the tens digit of h?
2
Suppose 0 = 3*u + u - 5*f - 15, f - 21 = -4*u. Let h = 5 - u. Suppose 0 = o + 3*t - 21, 4*o - 4*t - 3 - 1 = h. What is the units digit of o?
6
Let b = 83 + 195. What is the tens digit of b?
7
What is the units digit of -6*(6/9 - 4)?
0
Let f(n) = 3*n**2 + 2. What is the hundreds digit of f(-7)?
1
What is the tens digit of 222/9 + (-2)/(-6)?
2
Suppose 2*b + q + 10 = 6*b, 0 = 4*b - 4*q - 16. Let f be 0 - (-1)/(b/6). Suppose 0 = -j - 5*s - 5 + 4, -23 = -5*j + f*s. What is the units digit of j?
4
Let s be 3/(3 + (-6)/3). Suppose -s*h + 15 = 57. What is the tens digit of (36/h)/((-15)/70)?
1
Suppose 2 = 2*z, -11 = -3*k - 0*z - 5*z. Suppose -u - 7 = -k*u. What is the units digit of u?
7
Let k(f) = -f - 1. Let q(i) = -i**2 - 9*i + 4. Let r(a) = 3*k(a) - q(a). What is the units digit of r(-8)?
9
Suppose 3*v + 2*o = 596, 0 = -v - 4*o - 0*o + 202. What is the hundreds digit of v?
1
Let t = -19 + 13. Let a = t - -8. Suppose 3*j = a*j + 6. What is the units digit of j?
6
Suppose -y + 5*f = -14, 0 = 3*y + 3*f - 2 - 4. Let u(c) = -c**3 + 5*c**2 + 2*c - 6. What is the units digit of u(y)?
8
Let y = -12 - -46. What is the tens digit of y?
3
Let c(l) = 2*l - 2*l + l. Let n = -6 + 14. What is the units digit of c(n)?
8
Let c(b) be the first derivative of -b**2/2 + 3*b - 2. Let m be c(3). Suppose -2*g + 7*g - 20 = m. What is the units digit of g?
4
Suppose -1 - 27 = -2*h. Suppose 3*p - 5*p + h = 0. What is the units digit of p?
7
Let c be (10/2)/(1/(-4)). Suppose 2*m + 35 - 95 = 0. What is the units digit of 8/c*m/(-2)?
6
Let l(s) = 7*s**2 - s - 2. What is the tens digit of l(2)?
2
Let s = -5 - -6. Let h be (-1)/(s + 23/(-24)). Let p = -6 - h. What is the units digit of p?
8
Suppose -5*z - 4*g = -g - 160, -4*z = 4*g - 136. What is the units digit of z?
9
Let m be -1 + -1 - 12/(-12). What is the tens digit of (m + -45)/(7 + -9)?
2
Let o be -2 + 0/3 + 6. Let h be 30/2 + 5 + -5. Suppose -20 = o*b, 0*t - 2*b - h = -t. What is the units digit of t?
5
Suppose -7*a + 283 = -3*a - 5*z, 0 = -2*a + 3*z + 139. What is the tens digit of a?
7
Let q(g) = -3*g + 8. Let a be q(-8). Suppose -3*i = 2*v - 24 - a, v + 2*i = 26. Suppose -3*p - 5*m + v = 0, -5*p + 2*m + m = -68. What is the units digit of p?
3
Suppose -o = 3*w - 321, -2*w + 536 = 3*w + 2*o. What is the tens digit of w?
0
Let p(q) = q**2 - 8*q + 6. Let j be p(8). Let d = -8 - -13. Let z = j - d. What is the units digit of z?
1
Let w = 16 + 8. What is the tens digit of w?
2
Let z(x) = 3*x + 20. What is the tens digit of z(3)?
2
Suppose 4*q = -h - 3*h + 16, -h = 5*q - 12. Suppose 2*a - h - 2 = 0, -2*v + 5*a + 8 = 0. What is the units digit of v?
9
Let c = -7 + 4. Let i = c - -7. Let t = 11 - i. What is the units digit of t?
7
Suppose -3*c + 9 = 3*w + 3, 2*w - 12 = 2*c. Suppose w = 2*m - 28. What is the tens digit of m?
1
Let a(b) = b**3 + 3*b**2 - 11*b - 6. Let x be a(-5). What is the tens digit of ((x - 1)*17)/(-2)?
1
Suppose 2*l = f - l - 29, 2*f - 93 = -l. What is the tens digit of f?
4
Let h(n) = -9*n**2 - 4 + n**2 - 2*n**3 + n**3 + n**2 - n. Let z be h(-7). Suppose -8 = -k + z. What is the tens digit of k?
1
Suppose -n - 4*t + 252 = 0, -9*n - 3*t + 1328 = -4*n. What is the units digit of n?
8
Let d(q) = -q**3 - 12*q**2 + 4. Let p be d(-12). Suppose t - 22 - 195 = -5*b, -78 = -2*b + p*t. What is the tens digit of b?
4
Let v(p) = p**2 + 2*p - 2. Let j be v(2). What is the units digit of j - ((-9)/3 - -1)?
8
Let x(f) be the second derivative of f**5/20 - 3*f**4/4 + f**3/6 + 4*f**2 + 3*f. What is the tens digit of x(9)?
1
What is the units digit of ((-44)/10)/(2/(-5))?
1
Let g(q) = q**2 - 5*q + 19. What is the tens digit of g(-9)?
4
Let d = 50 + -29. Suppose -x = -n + d, -n - 2*x + 16 + 17 = 0. What is the units digit of n?
5
Let i be 4/16 - (-11)/4. Suppose i*b - 58 = b. Suppose d - 3 = 5*r - 3*r, -4*r + b = 5*d. What is the units digit of r?
1
Let t(h) = 14*h + 6. Let i = -9 - -16. Let j be t(i). Suppose -4*d - q + 41 = -2*d, 0 = 5*d + 3*q - j. What is the units digit of d?
9
Let b(v) = 15*v**2 + v - 2. What is the tens digit of b(2)?
6
Suppose 0*w + 5*l - 125 = 5*w, -51 = 3*w + 3*l. What is the units digit of 6/w + (-270)/(-14)?
9
Let k = 30 + 1. What is the units digit of k?
1
Suppose -2*q - 22 = -3*d - d, 0 = -3*q - d - 47. Let w = -23 - q. What is the units digit of (-1)/(-4) + (-6)/w?
1
Let j(w) = 2*w - 11. Let c be j(8). Let v(r) = -2 + 6*r**2 - 12*r**2 + 7*r**2 - 4*r. What is the units digit of v(c)?
3
Let s(v) = 15*v + 1. Let r be s(1). What is the tens digit of -2 - (-1*r - 2)?
1
What is the tens digit of -1 - (51*-1)/3?
1
Let d = 0 + 5. Let l be 9 + 1 + 1 + -2. Suppose c = 3*m - l, 5*m + 2*c = d*c + 19. What is the units digit of m?
2
Suppose -2*k - 2*j = -j + 8, -k = 5*j + 13. Let z = 0 - k. Suppose 22 = z*g - 14. What is the tens digit of g?
1
Let d(j) be 